{"id":970,"date":"2013-06-15T20:45:44","date_gmt":"2013-06-15T20:45:44","guid":{"rendered":"http:\/\/www.jiva.cz\/?page_id=970"},"modified":"2013-06-16T18:34:08","modified_gmt":"2013-06-16T18:34:08","slug":"gardes-corps-inox","status":"publish","type":"page","link":"https:\/\/www.jiva.cz\/fr\/service-fr\/constructions\/gardes-corps-inox","title":{"rendered":"Gardes-corps inox"},"content":{"rendered":"<p>Le garde-corps que vous n\u2019\u00eates pas oblig\u00e9s de peindre et qui garde malgr\u00e9 tout sa beaut\u00e9 et d\u00e9meure un bel accessoire de votre maison ou de votre jardin. En fonction de vos plans, nous fabriquerons des gardes-corps en fonction de la forme requise et des dimensions demand\u00e9es, pour balcons, escaliers d\u2019int\u00e9rieur et d\u2019ext\u00e9rieur.<\/p>\nngg_shortcode_0_placeholder\n","protected":false},"excerpt":{"rendered":"<p>Le garde-corps que vous n\u2019\u00eates pas oblig\u00e9s de peindre et qui garde malgr\u00e9 tout sa beaut\u00e9 et d\u00e9meure un bel accessoire de votre maison ou de votre jardin. En fonction de vos plans, nous fabriquerons des gardes-corps en fonction de la forme requise et des dimensions demand\u00e9es, pour balcons, escaliers d\u2019int\u00e9rieur et d\u2019ext\u00e9rieur.<\/p>\n","protected":false},"author":2,"featured_media":435,"parent":963,"menu_order":0,"comment_status":"closed","ping_status":"closed","template":"","meta":{"ngg_post_thumbnail":0},"_links":{"self":[{"href":"https:\/\/www.jiva.cz\/fr\/wp-json\/wp\/v2\/pages\/970"}],"collection":[{"href":"https:\/\/www.jiva.cz\/fr\/wp-json\/wp\/v2\/pages"}],"about":[{"href":"https:\/\/www.jiva.cz\/fr\/wp-json\/wp\/v2\/types\/page"}],"author":[{"embeddable":true,"href":"https:\/\/www.jiva.cz\/fr\/wp-json\/wp\/v2\/users\/2"}],"replies":[{"embeddable":true,"href":"https:\/\/www.jiva.cz\/fr\/wp-json\/wp\/v2\/comments?post=970"}],"version-history":[{"count":0,"href":"https:\/\/www.jiva.cz\/fr\/wp-json\/wp\/v2\/pages\/970\/revisions"}],"up":[{"embeddable":true,"href":"https:\/\/www.jiva.cz\/fr\/wp-json\/wp\/v2\/pages\/963"}],"wp:featuredmedia":[{"embeddable":true,"href":"https:\/\/www.jiva.cz\/fr\/wp-json\/wp\/v2\/media\/435"}],"wp:attachment":[{"href":"https:\/\/www.jiva.cz\/fr\/wp-json\/wp\/v2\/media?parent=970"}],"curies":[{"name":"wp","href":"https:\/\/api.w.org\/{rel}","templated":true}]}}

<p>Le garde-corps que vous n’êtes pas obligés de peindre et qui garde malgré tout sa beauté et démeure un bel accessoire de votre maison ou de votre jardin. En fonction de vos plans, nous fabriquerons des gardes-corps en fonction de la forme requise et des dimensions demandées, pour balcons, escaliers d’intérieur et d’extérieur.</p>
ngg_shortcode_0_placeholder

<p>Le garde-corps que vous n’êtes pas obligés de peindre et qui garde malgré tout sa beauté et démeure un bel accessoire de votre maison ou de votre jardin. En fonction de vos plans, nous fabriquerons des gardes-corps en fonction de la forme requise et des dimensions demandées, pour balcons, escaliers d’intérieur et d’extérieur.</p>
